
Convert ee400 (base 15) to base 4.
2320302210
Convert 226473 (base 16) to base 11.
12aa466
-10011200110211 (base 3) to base 15
-234a9d
Convert 3b737 (base 16) to base 5.
30243021
Convert -5670aa (base 12) to base 13.
-394657
110001001111100110 (base 2) to base 12
98886
-204414 (base 6) to base 15
-4d9a
3a5753 (base 14) to base 16
1eb67d
What is -2304310 (base 6) in base 5?
-12230433
What is -101100111110001111001 (base 2) in base 3?
-2202212110220
d99bd (base 15) to base 4
2220220033
27a5 (base 12) to base 7
16244
Convert 223113323 (base 4) to base 9.
300628
Convert -11100110111000111 (base 2) to base 11.
-808a9
Convert -2907a51 (base 11) to base 10.
-5003164
Convert 1525746 (base 8) to base 11.
279545
532322 (base 6) to base 13
16946
What is -1032004 (base 7) in base 4?
-132221212
dd4de (base 15) to base 16
aba85
What is -69af (base 16) in base 4?
-12212233
-211334312 (base 5) to base 16
-d8830
Convert 26173c (base 13) to base 15.
131c3d
What is -14509a (base 11) in base 12?
-ab00b
11001100111010101 (base 2) to base 8
314725
Convert 48b045 (base 12) to base 9.
2188028
-187a9a (base 11) to base 15
-5a895
Convert 3320123 (base 4) to base 9.
23725
12667721 (base 8) to base 3
12100121220100
2a5a2 (base 11) to base 12
21091
Convert -364de (base 16) to base 7.
-1614325
Convert 11315530 (base 9) to base 3.
101100112121000
-7e6d (base 16) to base 5
-2013430
55531230 (base 6) to base 10
1676034
What is -2010021122101 (base 3) in base 11?
-700123
-16c21b (base 13) to base 3
-1001221001100
Convert -56a556 (base 13) to base 9.
-3765044
What is -122210210120 (base 3) in base 7?
-2656605
10211222020120 (base 3) to base 16
1f3a10
Convert 1135211330 (base 6) to base 4.
301000213212
Convert -1122200102 (base 3) to base 2.
-111111100111101
What is -986707 (base 10) in base 2?
-11110000111001010011
Convert 2022000212010 (base 3) to base 10.
1220970
What is -505951 (base 13) in base 5?
-434302122
Convert -3630651 (base 7) to base 16.
-70a0a
Convert -1051321 (base 7) to base 3.
-20121112201
-24221022 (base 5) to base 12
-ab017
Convert -1732218 (base 13) to base 5.
-3411010141
What is -2011220101 (base 3) in base 12?
-20a24
Convert -1147560 (base 12) to base 7.
-40211226
-42860a (base 11) to base 15
-d7dd0
252022 (base 9) to base 16
2533d
Convert -2422143240 (base 5) to base 9.
-11580216
138cc5 (base 15) to base 3
1202210222212
Convert 3554120 (base 7) to base 3.
211212212022
Convert -10011101101010000110110 (base 2) to base 6.
-302421142
98863 (base 10) to base 3
12000121121
-110000011000101111101111 (base 2) to base 3
-212212102112211
What is 41232502 (base 6) in base 14?
22c54a
Convert -11c5d (base 15) to base 5.
-3304123
76344 (base 10) to base 7
435402
4051505 (base 7) to base 3
220112211002
Convert -35ab920 (base 13) to base 10.
-16648216
What is 478fa5 (base 16) in base 15?
6298a4
-65233d (base 14) to base 6
-201225111
What is -1012342023 (base 5) in base 6?
-112244450
Convert 200131200 (base 4) to base 7.
1062432
b20d12 (base 14) to base 8
26675704
What is 2114432 (base 7) in base 3?
111000022002
-11011111101100011 (base 2) to base 10
-114531
Convert 42681 (base 10) to base 2.
1010011010111001
Convert 2000221221120 (base 3) to base 8.
4100705
101200022 (base 3) to base 9
11608
1930022 (base 11) to base 10
3264967
547765 (base 11) to base 12
36199a
What is -2415305 (base 7) in base 13?
-a9847
-1e9a1 (base 15) to base 3
-12002020121
What is 1620206 (base 8) in base 9?
781635
What is 321321301032 (base 4) in base 3?
1001120011102220
Convert -22130302 (base 5) to base 6.
-4043321
Convert 2446305 (base 9) to base 8.
5045430
What is -505241 (base 7) in base 8?
-247565
Convert -888522 (base 9) to base 13.
-1579a9
Convert 1491a7 (base 12) to base 5.
42110344
3610065 (base 9) to base 14
38c79b
24311230 (base 5) to base 2
110111111001001100
3ca979 (base 13) to base 5
334331302
Convert 10012200122 (base 3) to base 16.
f6dd
Convert -8c46a (base 13) to base 7.
-2113144
11030010 (base 4) to base 7
115650
Convert 125c58 (base 13) to base 8.
1536235
Convert 18984 (base 15) to base 6.
1413154
21001101331 (base 4) to base 12
960451
-188836 (base 12) to base 14
-b2878
What is -111010101100010100001 (base 2) in base 6?
-105115505
Convert 71065 (base 11) to base 15.
20bae
What is 266434 (base 8) in base 9?
152183
-30102311103 (base 4) to base 14
-5dc72b
-11724565 (base 8) to base 9
-4801484
Convert -312c8 (base 13) to base 3.
-11111020102
What is 150878 (base 10) in base 4?
210311132
What is 13001211123 (base 4) in base 16?
1c195b
-10320220301 (base 4) to base 16
-138a31
Convert -466630 (base 9) to base 14.
-742c1
What is -120706 (base 10) in base 7?
-1011625
What is -67202731 (base 8) in base 14?
-1cd0ab7
-687352 (base 12) to base 3
-10010220211022
Convert -298a4 (base 13) to base 2.
-10011001000101101
Convert -18137731 (base 9) to base 12.
-30791a7
Convert 133244 (base 7) to base 13.
b5c1
-63476 (base 14) to base 4
-322200000
Convert 250a11 (base 12) to base 3.
1010121212211
-11295a (base 13) to base 14
-a7c8c
271182 (base 15) to base 3
10112100112212
-8d43f (base 16) to base 13
-1734a6
-22122020000 (base 3) to base 2
-101001100000100011
Convert 16525301 (base 7) to base 16.
18b8a9
Convert -2184336 (base 10) to base 2.
-1000010101010010010000
Convert -1a76e (base 16) to base 13.
-3a454
23302132033 (base 4) to base 10
3090319
Convert 1335415 (base 6) to base 16.
12563
-13276720 (base 10) to base 9
-26875211
What is 163c42 (base 14) in base 4?
2332023102
1313122221 (base 4) to base 7
4105014
Convert 15a0b (base 13) to base 11.
28a98
Convert 1022132001 (base 4) to base 16.
4a781
-4b9b3 (base 16) to base 15
-61b58
Convert -875144 (base 9) to base 3.
-222112011111
What is -20121101110102 (base 3) in base 9?
-6541412
Convert 177327 (base 12) to base 5.
101002133
What is -15336055 (base 7) in base 12?
-5ab69a
What is 11100101110101110000 (base 2) in base 15?
138e19
2142250 (base 9) to base 5
243243330
Convert -2055411 (base 6) to base 9.
-163517
Convert 6077610 (base 9) to base 11.
1913430
What is 10b8254 (base 12) in base 15?
43b7c1
200002220011020 (base 3) to base 11
5482924
Convert -434002000 (base 6) to base 2.
-11101100010111100110000
461160 (base 13) to base 4
12111001212
-6877204 (base 10) to base 15
-90ca54
1052203 (base 7) to base 6
2443521
-23022103 (base 4) to base 10
-45715
Convert -540b5 (base 13) to base 8.
-450275
Convert 80a6b6 (base 12) to base 10.
2008938
3604251 (base 8) to base 15
146ddc
What is -1111001110100001 (base 2) in base 12?
-30115
13743d (base 16) to base 15
1a2b61
What is -3672798 (base 10) in base 16?
-380ade
Convert -c3615 (base 14) to base 4.
-1302312103
What is 100133201 (base 4) in base 12?
33115
1100110000101111 (base 2) to base 5
3133041
-2040304 (base 5) to base 16
-8425
20b56 (base 12) to base 11
2a442
Convert 1104321 (base 6) to base 7.
320365
What is 203032535 (base 6) in base 11?
1a83443
4013043 (base 5) to base 13
22bb5
-21200222101 (base 3) to base 8
-450077
What is -13302211 (base 5) in base 2?
-100000111000011001
-e4115 (base 15) to base 14
-14b42b
122403 (base 10) to base 2
11101111000100011
b7929b (base 16) to base 4
231321022123
What is b9af (base 16) in base 10?
47535
11010010001010111001101 (base 2) to base 3
110221212222221
102133233120 (base 4) to base 8
22375730
What is -900221 (base 12) in base 5?
-1033133201
-28005 (base 9) to base 16
-4a0f
Convert 15a195 (base 13) to base 9.
1006664
What is -541125 (base 7) in base 16?
-16f62
Convert -34775 (base 11) to base 15.
-ed01
-6304663 (base 7) to base 9
-1374731
1276455 (base 9) to base 14
143274
What is -311302202202 (base 4) in base 13?
-2bc919a
What is -1011100000101001100001 (base 2) in base 9?
-5607870
Convert -6725275 (base 8) to base 6.
-102510205
What is -8826 (base 16) in base 15?
-a4d9
512432 (base 6) to base 5
2301042
Convert 12022110111 (base 3) to base 6.
2124104
What is 332401114 (base 5) in base 3?
2201200020121
Convert 406baf (base 16) to base 9.
7844277
What is 10110100121 (base 3) in base 12?
33474
Convert -d3819 (base 16) to base 14.
-187a09
-1111231011 (base 4) to base 15
-6e030
-672b60 (base 12) to base 2
-110010001001011111000
-1026a2 (base 12) to base 2
-111101110101011010
What is -308878 (base 9) in base 10?
-183698
Convert -11313551 (base 6) to base 5.